n divisor of 34640990 and 10.
10
Calculate the highest common divisor of 75623349 and 12.
3
What is the highest common factor of 799395 and 306921?
1167
Calculate the highest common divisor of 1106 and 25715606.
1106
Calculate the highest common factor of 10487907 and 1207.
71
What is the highest common divisor of 1278 and 2656891?
71
What is the highest common divisor of 78202 and 4824166?
1282
Calculate the highest common divisor of 7884700 and 18.
2
Calculate the highest common factor of 3204 and 65388.
12
Calculate the greatest common divisor of 24248 and 1282064.
56
What is the greatest common divisor of 744 and 2088036?
372
What is the greatest common divisor of 2340717 and 6?
3
Calculate the highest common divisor of 846 and 1006064046.
846
What is the greatest common divisor of 35 and 10337320?
35
Calculate the greatest common factor of 8 and 628024.
8
What is the highest common factor of 2648 and 1579569072?
2648
Calculate the greatest common factor of 6417 and 4659248943.
6417
Calculate the greatest common divisor of 689968 and 73312.
464
Calculate the greatest common divisor of 107 and 52696537.
107
What is the greatest common divisor of 319822412 and 78?
26
Calculate the greatest common divisor of 23087052 and 1188.
108
Calculate the highest common factor of 1704573 and 86853.
663
What is the greatest common divisor of 2099 and 4?
1
What is the highest common factor of 186400 and 11150?
50
Calculate the highest common divisor of 6011679 and 803337.
2427
Calculate the greatest common factor of 55409 and 37252.
67
What is the highest common factor of 3780 and 9738120?
420
Calculate the greatest common divisor of 1044197532 and 252.
252
What is the highest common factor of 47880559 and 1237?
1237
What is the highest common divisor of 2068575 and 1725?
75
What is the greatest common factor of 642504 and 62130?
114
Calculate the highest common factor of 1685409 and 726.
363
What is the greatest common divisor of 1095 and 336673445?
365
What is the greatest common divisor of 7076 and 96380?
244
Calculate the greatest common factor of 476 and 4282232.
68
Calculate the greatest common factor of 111537907 and 806.
403
Calculate the greatest common divisor of 52144204 and 1624.
812
What is the greatest common divisor of 5066894 and 931?
49
What is the greatest common factor of 18 and 65647314?
18
Calculate the highest common factor of 11685 and 4655.
95
Calculate the greatest common divisor of 5484319 and 476.
17
Calculate the highest common factor of 1898 and 19211868.
26
Calculate the greatest common divisor of 400708 and 73106.
22
Calculate the highest common divisor of 561037 and 37341.
461
Calculate the greatest common divisor of 97999 and 81125.
649
Calculate the greatest common factor of 19590 and 20389272.
3918
Calculate the highest common divisor of 12 and 65395128.
12
What is the greatest common divisor of 10176 and 4135744?
64
What is the highest common factor of 43168 and 100?
4
Calculate the greatest common factor of 19376406 and 756.
126
What is the highest common factor of 31392951 and 12988?
191
What is the greatest common divisor of 1206540 and 55332?
36
What is the highest common divisor of 9562 and 261589?
683
What is the greatest common divisor of 3196 and 33067414?
1598
What is the greatest common divisor of 1813200 and 560?
80
What is the highest common factor of 197826897 and 457823?
15787
Calculate the highest common factor of 22 and 91554.
2
Calculate the highest common divisor of 343795 and 348.
29
What is the highest common factor of 1848 and 309274?
14
What is the highest common divisor of 3831696 and 83952?
1584
Calculate the highest common divisor of 49788 and 43776.
36
Calculate the greatest common factor of 148449 and 2373.
21
What is the highest common factor of 2492 and 50044700?
356
What is the highest common divisor of 583 and 3491598?
11
What is the highest common factor of 42 and 36191687?
7
Calculate the greatest common factor of 3421 and 67365399.
311
Calculate the greatest common factor of 72 and 107450448.
24
Calculate the highest common divisor of 1 and 5551427.
1
Calculate the greatest common factor of 67659 and 124203.
57
Calculate the highest common divisor of 6655156 and 4.
4
Calculate the greatest common divisor of 1394382 and 456654.
2442
Calculate the highest common divisor of 1036 and 77318493.
259
Calculate the highest common divisor of 279 and 171437037.
93
Calculate the highest common divisor of 297165 and 225390.
165
What is the greatest common divisor of 201721 and 567580?
767
Calculate the highest common factor of 8202480 and 1760.
880
What is the greatest common divisor of 10 and 1200914830?
10
Calculate the greatest common factor of 351 and 1928719.
13
What is the highest common divisor of 357 and 60264337?
119
What is the highest common factor of 2067 and 857745057?
2067
What is the highest common factor of 258 and 222537814?
86
Calculate the greatest common divisor of 1225 and 539225.
25
What is the highest common divisor of 305972326 and 22?
22
Calculate the highest common factor of 123 and 389816151.
123
What is the highest common divisor of 325 and 1433425?
25
Calculate the highest common factor of 302875 and 10500.
125
Calculate the greatest common divisor of 30494 and 8617450.
386
What is the greatest common factor of 736 and 20542864?
368
What is the highest common factor of 158025 and 292425?
525
Calculate the greatest common factor of 56 and 10500511.
7
What is the greatest common factor of 1558984 and 91762?
194
What is the greatest common factor of 861390 and 42840?
1530
What is the greatest common factor of 197378299 and 18404?
4601
Calculate the greatest common factor of 10616050 and 2410.
2410
What is the greatest common factor of 1642934609 and 982?
491
What is the highest common factor of 168 and 78317832?
24
What is the highest common factor of 221059528 and 1216?
152
What is the greatest common divisor of 956943013 and 13?
13
What is the greatest common divisor of 42 and 58271346?
42
What is the highest common factor of 2624 and 253462?
82
Calculate the highest common factor of 2011 and 565410749.
2011
What is the highest common divisor of 37045 and 155?
155
What is the highest common factor of 16260378 and 12?
6
Calculate the greatest common factor of 102 and 34484704.
34
Calculate the greatest common divisor of 3011622 and 10.
2
Calculate the highest common factor of 87904 and 43416.
536
What is the greatest common divisor of 592 and 398872?
8
What is the highest common factor of 707275 and 3591?
19
What is the highest common factor of 2365785 and 2385?
45
Calculate the highest common factor of 61893169 and 13.
13
Calculate the highest common divisor of 58401 and 8337.
21
What is the highest common factor of 1500555 and 549051?
1383
Calculate the greatest common factor of 1120 and 5519340.
20
Calculate the highest common divisor of 56 and 6078590.
14
What is the greatest common factor of 40 and 5260780?
20
What is the greatest common factor of 1596 and 4211214?
42
Calculate the highest common divisor of 11132 and 40319.
23
What is the highest common divisor of 5377 and 398525?
19
What is the highest common factor of 12917704 and 25032?
1192
Calculate the greatest common factor of 1873652 and 40388.
1756
What is the highest common factor of 512 and 10091008?
512
What is the highest common factor of 10 and 147787610?
10
Calculate the highest common factor of 12172 and 8085788.
716
What is the highest common divisor of 988 and 179385308?
76
Calculate the greatest common factor of 18614550 and 500.
50
What is the highest common factor of 1864 and 741324916?
932
What is the greatest common factor of 630 and 2808270?
90
What is the greatest common factor of 614943 and 9787617?
2709
Calculate the greatest common divisor of 130 and 31364190.
130
What is the highest common factor of 676876893 and 63?
21
Calculate the highest common factor of 71766545 and 554.
277
What is the highest common factor of 1153776 and 9984?
624
What is the highest common divisor of 19159986 and 714?
102
Calculate the highest common divisor of 1253061 and 99.
9
Calculate the greatest common divisor of 2256390 and 141642.
3294
What is the greatest common divisor of 2275815 and 692830?
4385
Ca